 (-3*1)/(38/(-2052))?
152
Let w = 27 + 92. What is the remainder when 32 is divided by (w/(-28))/(1/(-4))?
15
Suppose -2*m + 5*u = 120, 59 - 229 = 3*m - 5*u. Let x = m + 70. What is the remainder when x is divided by 11?
9
Suppose -28*k = -33*k + 155. Let r = k + -11. Calculate the remainder when r is divided by 6.
2
Suppose -4*y - 55 = -5*y. Let t(r) = 10*r - 46. What is the remainder when y is divided by t(6)?
13
Suppose -3*k = s + 4, 4*s + 5*k = 2*s - 5. Let d = -22 + 32. Calculate the remainder when (-2)/s - (-935)/25 is divided by d.
7
Let f(t) = t + 21. Let z be f(11). Suppose 0 = 8*k - 4*k - z. Calculate the remainder when 23 is divided by k.
7
Let j(g) = -g**3 + 7*g**2 - 2*g + 2. Let u be j(5). Let t = -18 + u. What is the remainder when 1980/28 - (-4)/14 is divided by t?
23
Let h(x) = x**2 - 10*x - 71. Calculate the remainder when 38 is divided by h(16).
13
What is the remainder when (45 + 6 - 7) + -4 is divided by 24?
16
Let x(j) = -8*j - 86. Let p = 18 - 1. What is the remainder when p is divided by x(-12)?
7
Suppose 13*a - 450 = 4*a. Calculate the remainder when a is divided by 13.
11
Calculate the remainder when (124/(-3))/(2/(-6)) is divided by 17.
5
Let v(j) = j - 15. Let u be v(17). Suppose 3*w - 306 = -2*h, 204 = u*w - 0*w + h. Calculate the remainder when w is divided by 53.
49
What is the remainder when -635*((-2)/10 + 0) is divided by 13?
10
Let f(c) be the third derivative of c**4/6 + 4*c**3/3 - 10*c**2. What is the remainder when 92/3 - (-4)/(-6) is divided by f(2)?
14
Suppose 0 = 4*p + u - 648, -5*p + 557 = -2*u - 253. Calculate the remainder when p is divided by 42.
36
Suppose -9*t = -48 - 339. Let x = t + -29. Calculate the remainder when x is divided by 6.
2
Suppose 6*y - 2*b = 4*y + 146, 3*y - 215 = -b. Calculate the remainder when 137 is divided by y.
65
Let z(h) = -4*h**3 - 21*h**2 - 61*h - 13. Calculate the remainder when 905 is divided by z(-4).
150
What is the remainder when 4*(-40)/32 + 112 is divided by 24?
11
Suppose -4*x + 3 - 19 = 0. Let b = x + 4. Suppose b = 2*n + 2*n - 76. Calculate the remainder when 36 is divided by n.
17
Let t(l) = 3*l**2 + 3. Let a = -6 + 12. Let n(s) = 3*s**2 + s + 4. Let f(c) = a*t(c) - 4*n(c). What is the remainder when 52 is divided by f(2)?
16
Suppose -9 = -3*z, 0 = -4*l + 4*z - 0 + 52. What is the remainder when 172 is divided by l?
12
Suppose 0 = -r - 4*r, p - r = 4. Suppose 4*i + 5 - 77 = -p*x, 0 = x + 3*i - 28. Calculate the remainder when 36 is divided by x.
10
Let m = -4 - -41. Let y be 10*(-5)/15*3/(-2). Suppose y*a + 13 = 6*a. Calculate the remainder when m is divided by a.
11
Suppose -5*m = 3*l - 75, -26*l - 132 = -30*l + 4*m. What is the remainder when 58 is divided by l?
28
Suppose -3*l - 10 = -5*l, -36 = -3*g - 3*l. Let i = 29 - 3. What is the remainder when i is divided by g?
5
Suppose -13*v = 3*v - 224. Let z = 9 + 28. What is the remainder when z is divided by v?
9
Let s(z) = -12*z - 10. Let f be s(7). Let v = 173 + f. What is the remainder when v is divided by 20?
19
Let i(h) = -h**3 - 4*h**2 + 6*h + 7. Let f be i(-5). Suppose 2*x + f = 0, 0 = 4*n + 2*x - 3*x + 439. What is the remainder when ((-6)/4)/(15/n) is divided by 4?
3
Suppose -3*z = -o - 9, -3*z + 5*o - 11 = -2*z. Let x(g) = 5*g**2 - 3*g - 3. Calculate the remainder when x(z) is divided by 17.
14
Let k(z) = -z**2 - 3*z + 469. Calculate the remainder when k(0) is divided by 47.
46
Suppose -329*i = -330*i + 82. Calculate the remainder when 654 is divided by i.
80
Let j(t) = 26*t + 91. Calculate the remainder when j(5) is divided by 64.
29
Suppose 7*l = 3*l + 28. Suppose l*f - 8*f = -5. Suppose 88 = 5*g + b - 27, -145 = -5*g + f*b. Calculate the remainder when 47 is divided by g.
23
Let o(a) = -a**3 + 36*a**2 + 37*a + 41. Suppose -t = -5*i - 183, 2*t + 4*i = -0*i + 310. What is the remainder when t is divided by o(37)?
40
Suppose -11 = 2*k - 3*k. Suppose 0 = 82*o - 59*o - 1219. Calculate the remainder when o is divided by k.
9
Calculate the remainder when 408 is divided by (2 - (-27)/(-12))/(7/(-1484)).
37
Let z = 98 + -53. Let p = -23 + z. Let c = p + -15. Calculate the remainder when c is divided by 5.
2
Let i(j) = 4*j**2 - 1. Suppose 0 = -g - 5*r + 9*r + 43, -4*g = 4*r - 92. Calculate the remainder when g is divided by i(-2).
12
Let m = -277 + 324. What is the remainder when 88 is divided by m?
41
Suppose 2*m + 3*m - 45 = 0. Suppose 120 = m*l - 87. What is the remainder when l is divided by 13?
10
Let b(p) = -20*p - 52. Let c = -31 - -59. What is the remainder when c is divided by b(-3)?
4
Let z be 5 - -2 - (-1 + 0). Let t(c) = -4 - z*c - 5*c**2 - c + 4*c**2. Calculate the remainder when t(-6) is divided by 6.
2
What is the remainder when (10 + (-1 - 7))/(2/57) is divided by 37?
20
Suppose 14 = 4*r - 2*l, -20 = -5*r + l + l. What is the remainder when (4/r)/(10/645) is divided by 334/22 - 24/132?
13
Let k = -248 - -513. Calculate the remainder when (-2 - (-8)/5)/((-1)/k) is divided by 22.
18
Let t = -24 - -189. What is the remainder when t is divided by ((-29)/((-1740)/(-336)))/((-2)/10)?
25
Let w = 9 - 6. Let j(r) = 2*r**2 + r - 2. Let o be j(5). Let h = 58 - o. What is the remainder when h is divided by w?
2
Suppose 4*b - 115 = -3*c, 10*b + 12 = 13*b. What is the remainder when 135 is divided by c?
3
Suppose 0*h = -h + 6. Suppose -h*t - t = -210. Calculate the remainder when 118 is divided by t.
28
Let p be 9/(-3)*16*(-1)/(-6). Let g(y) = y + 11. What is the remainder when g(p) is divided by 3?
0
Let v(a) = -6*a + 0 + 8*a**2 + 2*a**3 + 4 + 0*a**3 - 3*a**3. What is the remainder when 140 is divided by v(7)?
8
Suppose 6 + 7 = t. Suppose 3*z = t - 52. Let d = 22 - z. What is the remainder when d is divided by 12?
11
Let p be 0/((-3)/(1 + -4)). Let k(y) = y**3 - y**2 + y + 11. What is the remainder when 40 is divided by k(p)?
7
Suppose -344*f + 339*f = -315. Let y(z) = z**3 - z**2 + z + 33. Calculate the remainder when f is divided by y(0).
30
Let d(z) = z - 1. Let n(m) = -m**2 - 8*m - 10. Let v(b) = 2*d(b) - n(b). Calculate the remainder when 13 is divided by v(-10).
5
Let d(y) = 4*y + 2. Let j be d(1). Suppose 3 = -m - 3*c, m - 2*c = j*m - 11. Calculate the remainder when m is divided by ((-2)/8)/((-2)/8).
0
Suppose -45*g + 47*g = 3076. Calculate the remainder when g is divided by 70.
68
Let j = -4 + 4. Suppose z + 4 = j, -94 = -5*m + 2*z + 114. Let h = -179 - -296. Calculate the remainder when h is divided by m.
37
Suppose -2*j + 7*j = -10, -4*z + 5*j + 270 = 0. What is the remainder when 191 is divided by z?
61
Suppose -6*k - 5 = -71. Let g(t) = 2*t + 2. Suppose -12 = l - 83. Calculate the remainder when l is divided by g(k).
23
Let q be -2 + (134 - (6 + -4)). Suppose -2*y + q = 40. What is the remainder when y is divided by 24?
21
Suppose -390 = 4*o - 9*o. Calculate the remainder when o is divided by (-598)/(-65) - ((-18)/10 + 1).
8
Let w = 9 - 4. Let v be (2 - 1)*(-6 - -53). Suppose -2*r - 19 = -v. Calculate the remainder when r is divided by w.
4
Let o(i) = i**3 - 4*i**2 - 88*i + 463. Let u(d) = d**3 - 2*d**2 + 2*d + 4. What is the remainder when o(5) is divided by u(3)?
10
Let d(u) = 10*u + 26. Let f be d(-3). Let g be 32 + (-4)/(-2)*-1. What is the remainder when 17 is divided by 280/g + f/(-6)?
7
Suppose -2*y + 101 = g, 3*y - 4*g = -2*y + 246. Let k = 12 + -3. What is the remainder when y is divided by k?
5
Suppose 0 = -4*z - z + 2*g + 64, -4*z + 5*g + 58 = 0. Suppose -4*t = -7*t + z. What is the remainder when 19 is divided by t?
3
Suppose -y + 11 = 4*x, y - 4*x = -3*x + 26. Calculate the remainder when 123 is divided by y.
8
Let r(t) = -5*t**3 - 15*t**2 - 2*t + 10. Let k be r(-7). What is the remainder when 39 is divided by (-6)/(-54) + (-4)/((-144)/k)?
11
Suppose -2*l + 30 - 26 = 0. Suppose 0 = -3*a - 2*x + 57, -4*a - 5*x + 67 = -l. Suppose -v = -4 - a. Calculate the remainder when v is divided by 13.
12
Let w(j) = -j**3 - 10*j**2 + 7*j - 7. Calculate the remainder when w(-11) is divided by 13.
11
Suppose -a - 55 = -5*b, 3*b + 5*a - 7 + 2 = 0. Suppose 2*y + 42 = 2*f, 0 = f - 2*y - 16 - 1. Calculate the remainder when f is divided by b.
5
Calculate the remainder when (-2)/7 + (-32246)/(-161) is divided by 12.
8
Suppose 1 = 4*u + n - 48, 4*n - 28 = -2*u. Calculate the remainder when u is di